Does 8 divide 451?
False
Does 9 divide 162?
True
Is 3126 a multiple of 3?
True
Is 2345 a multiple of 86?
False
Does 22 divide 440?
True
Is 742 a multiple of 2?
True
Is 328 a multiple of 53?
False
Is 528 a multiple of 16?
True
Is 4 a factor of 5419?
False
Does 37 divide 1488?
False
Is 5140 a multiple of 5?
True
Does 33 divide 1450?
False
Is 44 a factor of 9346?
False
Is 42 a factor of 9492?
True
Is 24 a factor of 733?
False
Is 261 a multiple of 9?
True
Is 65170 a multiple of 14?
True
Does 19 divide 29590?
False
Is 3965 a multiple of 13?
True
Is 424 a multiple of 76?
False
Is 95 a factor of 2470?
True
Is 86 a factor of 1653?
False
Does 5 divide 75?
True
Is 12 a factor of 7142?
False
Does 22 divide 33638?
True
Is 53 a factor of 16548?
False
Is 1534 a multiple of 9?
False
Does 14 divide 143?
False
Is 553 a multiple of 41?
False
Does 31 divide 217?
True
Is 4595 a multiple of 37?
False
Is 94 a factor of 1598?
True
Is 270 a multiple of 27?
True
Does 28 divide 49544?
False
Is 27 a factor of 4725?
True
Is 21 a factor of 519?
False
Is 9 a factor of 3668?
False
Is 79 a multiple of 2?
False
Is 15 a factor of 134697?
False
Does 29 divide 695?
False
Does 45 divide 585?
True
Does 29 divide 1885?
True
Is 181 a factor of 79945?
False
Does 64 divide 3712?
True
Is 10350 a multiple of 20?
False
Does 124 divide 31241?
False
Is 10196 a multiple of 13?
False
Is 14 a factor of 8950?
False
Is 10412 a multiple of 12?
False
Does 15 divide 90?
True
Does 65 divide 102375?
True
Is 22280 a multiple of 20?
True
Is 340 a multiple of 4?
True
Does 14 divide 315?
False
Does 15 divide 315?
True
Is 1064 a multiple of 56?
True
Does 8 divide 16371?
False
Is 185 a multiple of 2?
False
Is 2050 a multiple of 41?
True
Does 31 divide 4123?
True
Is 1263 a multiple of 3?
True
Does 121 divide 68365?
True
Is 114 a factor of 1097?
False
Is 27 a factor of 324?
True
Is 60 a factor of 300?
True
Is 17851 a multiple of 19?
False
Is 4 a factor of 8934?
False
Is 2 a factor of 20227?
False
Is 7584 a multiple of 24?
True
Is 663 a multiple of 39?
True
Does 4 divide 6900?
True
Is 2418 a multiple of 137?
False
Is 120 a factor of 3240?
True
Is 2024 a multiple of 43?
False
Does 57 divide 4413?
False
Does 105 divide 315?
True
Is 10 a factor of 70872?
False
Is 23522 a multiple of 19?
True
Does 10 divide 130?
True
Is 30 a factor of 36006?
False
Is 14 a factor of 71316?
True
Is 297 a multiple of 4?
False
Is 21 a factor of 10332?
True
Does 12 divide 252?
True
Is 48 a factor of 3570?
False
Does 7 divide 7035?
True
Is 3 a factor of 148?
False
Is 5 a factor of 2741?
False
Is 1030 a multiple of 48?
False
Does 124 divide 9548?
True
Does 34 divide 4012?
True
Is 201 a multiple of 15?
False
Is 27 a factor of 5940?
True
Is 3 a factor of 15543?
True
Is 124746 a multiple of 297?
False
Is 69 even?
False
Is 5885 a multiple of 107?
True
Does 13 divide 520?
True
Is 72 a factor of 504?
True
Does 22 divide 1496?
True
Is 2852 a multiple of 31?
True
Does 41 divide 489?
False
Is 17 a factor of 145?
False
Is 32 a multiple of 13?
False
Is 8200 a multiple of 164?
True
Is 30 a factor of 105319?
False
Is 12480 a multiple of 60?
True
Is 18 a factor of 2502?
True
Is 4216 a multiple of 136?
True
Does 9 divide 144?
True
Is 8 a factor of 21892?
False
Does 7 divide 8189?
False
Does 3 divide 4382?
False
Is 90 a factor of 46530?
True
Is 24 a factor of 9024?
True
Is 24 a factor of 1176?
True
Is 19 even?
False
Does 27 divide 48?
False
Does 74 divide 9465?
False
Does 3 divide 80?
False
Is 54 a factor of 231?
False
Is 42 a factor of 4578?
True
Is 7 a factor of 80?
False
Is 22 a factor of 367?
False
Is 23 a factor of 874?
True
Is 249 a factor of 26145?
True
Is 4 a factor of 5056?
True
Is 4258 a multiple of 6?
False
Does 18 divide 259?
False
Does 36 divide 1152?
True
Is 7260 a multiple of 15?
True
Does 9 divide 657?
True
Does 52 divide 52?
True
Is 47 a factor of 23884?
False
Is 1452 a multiple of 44?
True
Does 40 divide 38466?
False
Does 21 divide 34377?
True
Is 972 a multiple of 27?
True
Is 634 a multiple of 22?
False
Does 7 divide 672?
True
Is 13 a factor of 5485?
False
Is 1045 a multiple of 39?
False
Does 78 divide 7410?
True
Does 9 divide 206?
False
Does 12 divide 8820?
True
Does 15 divide 71?
False
Is 10238 a multiple of 93?
False
Is 19 a factor of 9712?
False
Does 183 divide 18483?
True
Is 31 a factor of 5853?
False
Is 623 a multiple of 64?
False
Is 24229 a multiple of 29?
False
Is 1771 a multiple of 23?
True
Is 5102 a multiple of 4?
False
Is 28 a factor of 5180?
True
Does 57 divide 9815?
False
Does 159 divide 43407?
True
Is 188 a factor of 21197?
False
Does 40 divide 2120?
True
Is 10 a factor of 980?
True
Is 2376 a multiple of 33?
True
Is 24 a factor of 2996?
False
Does 28 divide 1056?
False
Does 10 divide 710?
True
Does 25 divide 1341?
False
Does 22 divide 3982?
True
Is 804 a multiple of 67?
True
Is 19 a factor of 2881?
False
Is 98 a factor of 39380?
False
Does 5 divide 54?
False
Is 597 a multiple of 44?
False
Is 41 a factor of 1230?
True
Is 72 a factor of 11117?
False
Is 11 a factor of 694?
False
Does 9 divide 2007?
True
Is 2 a factor of 146?
True
Does 53 divide 1961?
True
Does 12 divide 648?
True
Does 4 divide 100?
True
Does 27 divide 68769?
True
Is 17 a factor of 49224?
False
Is 94 even?
True
Does 12 divide 132?
True
Is 6222 a multiple of 183?
True
Does 2 divide 546?
True
Is 19812 a multiple of 13?
True
Does 15 divide 56501?
False
Is 78 a factor of 2652?
True
Does 111 divide 5772?
True
Does 97 divide 15218?
False
Is 75 a factor of 1575?
True
Does 204 divide 10301?
False
Is 29 a factor of 261?
True
Is 2596 a multiple of 50?
False
Is 1645 a multiple of 35?
True
Is 32 a factor of 1056?
True
Is 767 a multiple of 13?
True
Is 17 a factor of 7067?
False
Is 31 a factor of 1364?
True
Does 23 divide 1861?
False
Does 106 divide 10706?
True
Is 1738 a multiple of 3?
False
Does 11 divide 1201?
False
Does 39 divide 858?
True
Is 2138 a multiple of 15?
False
Is 37624 a multiple of 12?
False
Is 123240 a multiple of 79?
True
Does 33 divide 158?
False
Does 11 divide 303?
False
Is 18 a factor of 1154?
False
Is 7140 a multiple of 85?
True
Is 3180 a multiple of 159?
True
Does 32 divide 288?
True
Is 13740 a multiple of 15?
True
Is 255 even?
False
Does 28 divide 1386?
False
Does 3 divide 6296?
False
Does 36 divide 12636?
True
Is 240 a factor of 16800?
True
Is 50 a factor of 861?
False
Does 8 divide 19474?
False
Is 3540 a multiple of 12?
True
Is 6042 a multiple of 7?
False
Is 28 a factor of 1049?
False
Is 48122 a multiple of 118?
False
Is 1615 a multiple of 5?
True
Is 25 a factor of 475?
True
Is 7 a factor of 10393?
False
Is 52 a factor of 104?
True
Is 6070 a multiple of 91?
False
Does 6 divide 9420?
True
Is 9787 a multiple of 141?
False
Is 9 a factor of 252?
True
Does 31 divide 182?
False
Is 2 a factor of 234?
True
Is 3196 a multiple of 17?
True
Does 162 divide 109188?
True
Is 56 a factor of 448?
True
Is 375 a multiple of 15?
True
Is 70 a factor of 1190?
True
Is 1364 a multiple of 31?
True
Is 41 a multiple of 2?
False
Is 215 a factor of 39643?
False
Is 361 a multiple of 19?
True
Is 215 a factor of 4515?
True
Does 45 divide 1592?
False
Is 42 a factor of 31515?
False
Is 1150 a multiple of 25?
True
Does 5 divide 2947?
False
Is 4144 a multiple of 7?
True
Does 43 divide 62737?
True
Is 20 a factor of 22262?
False
Is 3673 a multiple of 8?
False
Is 26687 a multiple of 59?
False
Is 29 a factor of 62?
False
Is 6 a factor of 75?
False
Is 8704 a multiple of 17?
True
Does 14 divide 112?
True
Does 6 divide 3492?
True
Is 45 a factor of 6885?
True
Is 4350 a multiple of 58?
True
Is 2250 a multiple of 6?
True
Is 306 a multiple of 102?
True
Is 10750 a multiple of 125?
True
Does 11 divide 704?
True
Is 669 a multiple of 7?
False
Is 19385 a multiple of 93?
False
Is 565 a multiple of 5?
True
Is 32 a factor of 73088?
True
Does 61 divide 369?
False
Is 8007 a multiple of 23?
False
Does 14 divide 148?
False
Is 107 a factor of 2996?
True
Does 13 divide 338?
True
Does 6 divide 416?
False
Is 15 a factor of 870?
True
Does 133 divide 2660?
True
Is 2357 a multiple of 116?
False
Is 99 a factor of 75435?
False
Does 10 divide 145?
False
Does 20 divide 24920?
True
Does 12 divide 3843?
False
Is 21 a factor of 168?
True
Is 3 a factor of 99?
True
Does 89 divide 19313?
True
Is 25662 a multiple of 1